 number?
False
Is 108732067 a prime number?
False
Is 393675811 a composite number?
False
Is 1133239339 composite?
True
Is 5914751 prime?
True
Is 2990467 prime?
False
Is 9622549 composite?
False
Is 275298893 composite?
False
Is 1304933 a prime number?
False
Is 3169121 composite?
False
Is 1979765 a composite number?
True
Is 349767167 prime?
True
Is 3012683 a prime number?
True
Is 233894987 a composite number?
True
Is 117557449 composite?
False
Is 9963127 composite?
False
Is 14060491 a composite number?
True
Is 46993621 a prime number?
True
Is 958591 a composite number?
True
Is 8609533 composite?
False
Is 12119741 prime?
True
Is 4601293 a composite number?
False
Is 8412683 composite?
False
Is 815179 a prime number?
False
Is 104524919 composite?
True
Is 13464463 a prime number?
True
Is 17338843 composite?
False
Is 50923459 prime?
False
Is 102853217 composite?
True
Is 31619729 a prime number?
False
Is 4304137 composite?
False
Is 19776761 prime?
True
Is 901841 composite?
False
Is 1982073657 prime?
False
Is 134285077 a prime number?
True
Is 591029 a composite number?
True
Is 178631569 prime?
True
Is 10545203 prime?
False
Is 4403753 a prime number?
True
Is 12669791 prime?
True
Is 3964801 prime?
True
Is 3849757 prime?
True
Is 3277291 prime?
False
Is 18575701 prime?
False
Is 5340107 a composite number?
True
Is 20075413 a prime number?
True
Is 82512029 a prime number?
True
Is 113161387 a prime number?
True
Is 23090447 composite?
False
Is 6473197 composite?
False
Is 42561377 prime?
True
Is 11593685 composite?
True
Is 109981577 a prime number?
True
Is 882769 composite?
True
Is 24008999 a composite number?
True
Is 43071893 a composite number?
True
Is 1768303 prime?
True
Is 10858577 a prime number?
True
Is 7454593 composite?
True
Is 1160903 prime?
True
Is 3752759 composite?
False
Is 2880805 composite?
True
Is 16597153 a prime number?
True
Is 849850783 composite?
False
Is 66060871 a composite number?
False
Is 643481 a composite number?
True
Is 26080481 prime?
False
Is 307524153 a prime number?
False
Is 24864293 prime?
False
Is 91039211 a composite number?
True
Is 5707133 composite?
False
Is 91231 a composite number?
True
Is 2705909 prime?
True
Is 15629737 a composite number?
False
Is 23894833 composite?
False
Is 15679723 composite?
False
Is 534407491 a composite number?
True
Is 7851511 prime?
False
Is 3385171 a prime number?
False
Is 56279657 prime?
False
Is 111976457 a prime number?
False
Is 11792197 composite?
False
Is 403159 a composite number?
False
Is 1212271 composite?
True
Is 453497 composite?
True
Is 106217909 prime?
False
Is 2036191 composite?
True
Is 1678271 a composite number?
True
Is 3093479 a composite number?
False
Is 730943 prime?
True
Is 79631153 a prime number?
False
Is 491923 composite?
False
Is 55428941 prime?
True
Is 5612857 a composite number?
False
Is 78222751 composite?
False
Is 6432619 composite?
False
Is 2011247 a composite number?
True
Is 44408087 prime?
False
Is 361090491 a composite number?
True
Is 72988807 prime?
True
Is 14268362 a prime number?
False
Is 984149 prime?
True
Is 322122323 a prime number?
False
Is 362250743 a composite number?
False
Is 197753 a composite number?
False
Is 83969837 a composite number?
True
Is 335443379 a composite number?
True
Is 25302853 a prime number?
True
Is 381742 a composite number?
True
Is 33209281 a prime number?
False
Is 1261627 a prime number?
True
Is 33076811 a prime number?
False
Is 2914915 prime?
False
Is 5560741 a composite number?
False
Is 2694533 a prime number?
True
Is 25105711 a composite number?
True
Is 3678743 a composite number?
False
Is 163893803 a prime number?
True
Is 225760439 a composite number?
True
Is 6719177 a composite number?
False
Is 15904633 prime?
True
Is 246459 a composite number?
True
Is 196974059 a composite number?
False
Is 246864557 a composite number?
False
Is 24734513 a prime number?
True
Is 856507 a composite number?
False
Is 21518698 a prime number?
False
Is 87176081 composite?
False
Is 4688867 a prime number?
True
Is 22715461 prime?
True
Is 118497493 a prime number?
True
Is 47601206 composite?
True
Is 1911233 composite?
True
Is 51717101 a prime number?
True
Is 53570351 a prime number?
False
Is 155182871 prime?
True
Is 106710977 a composite number?
False
Is 323077 prime?
True
Is 14378027 a composite number?
False
Is 108613418 composite?
True
Is 113623271 prime?
True
Is 6910933 prime?
False
Is 16236651 prime?
False
Is 1125053 a composite number?
False
Is 54853 composite?
True
Is 8907659 composite?
False
Is 5710993 a prime number?
True
Is 467863 a prime number?
False
Is 48720881 a composite number?
True
Is 44722159 prime?
False
Is 101951411 a prime number?
True
Is 420048793 a prime number?
False
Is 329392837 prime?
False
Is 6792557 composite?
True
Is 18730157 composite?
False
Is 309829 a composite number?
True
Is 1693777 composite?
False
Is 57215645 prime?
False
Is 180079117 prime?
False
Is 1602611 composite?
False
Is 100183823 a prime number?
False
Is 72379393 a prime number?
False
Is 194508695 composite?
True
Is 326058611 a prime number?
False
Is 87151993 a prime number?
False
Is 227807 a composite number?
True
Is 9714847 a composite number?
True
Is 861204079 composite?
False
Is 5057941 composite?
True
Is 6870351 a prime number?
False
Is 7608011 prime?
False
Is 2005723 a composite number?
False
Is 2041577 prime?
False
Is 3362365 a prime number?
False
Is 188634443 prime?
True
Is 104758943 composite?
False
Is 49007113 composite?
False
Is 94074457 composite?
True
Is 787231 composite?
True
Is 1420769 composite?
True
Is 8451353 prime?
True
Is 1263422 composite?
True
Is 764837 composite?
False
Is 7741241 composite?
False
Is 1146697 a prime number?
True
Is 1121167 composite?
True
Is 51506527 composite?
True
Is 136398719 composite?
False
Is 35669461 a prime number?
True
Is 39321239 prime?
True
Is 5271223 prime?
True
Is 89254021 a prime number?
True
Is 15096619 a prime number?
False
Is 786971 prime?
True
Is 245205893 a prime number?
True
Is 15208087 prime?
True
Is 28043153 composite?
False
Is 1527189 a prime number?
False
Is 728809 prime?
True
Is 122750171 a composite number?
False
Is 3594491 composite?
True
Is 6725909 composite?
False
Is 95641999 a prime number?
True
Is 2937163 composite?
True
Is 739096049 a prime number?
False
Is 545567 a prime number?
False
Is 97278583 composite?
True
Is 9965479 prime?
True
Is 18113699 composite?
False
Is 10121369 prime?
False
Is 27722579 prime?
False
Is 256376347 prime?
True
Is 72587 prime?
False
Is 1233509 composite?
False
Is 7314305 a prime number?
False
Is 33084487 composite?
False
Is 854483 a composite number?
True
Is 6277211 a prime number?
True
Is 1788119 prime?
False
Is 3911981 a prime number?
False
Is 4649119 composite?
False
Is 4214591 a composite number?
False
Is 51033419 composite?
True
Is 38139029 a composite number?
False
Is 4398137 prime?
False
Is 228928379 composite?
True
Is 569091863 a composite number?
False
Is 12199901 composite?
True
Is 52827119 prime?
True
Is 1002643 composite?
True
Is 38819201 prime?
False
Is 55720933 prime?
False
Is 4231459 prime?
True
Is 16577101 composite?
True
Is 19119697 composite?
True
Is 5238377 prime?
True
Is 12003949 a prime number?
False
Is 8177281 a prime number?
False
Is 68360311 prime?
True
Is 63310693 composite?
True
Is 221148789 composite?
True
Is 22769447 a prime number?
True
Is 94077539 a prime number?
False
Is 1467929 a prime number?
False
Is 749699 prime?
False
Is 385991 a prime number?
True
Is 55773167 composite?
False
Is 32225021 a prime number?
True
Is 4230497 a prime number?
False
Is 20173 composite?
False
Is 5076391 a composite number?
False
Is 548953 a prime number?
True
Is 31427939 a prime number?
True
Is 734213 a composite number?
True
Is 26493713 a prime number?
True
Is 9400577 a composite number?
True
Is 13029074 a composite number?
True
Is 16866827 prime?
True
Is 1561587 a prime number?
False
Is 7762591 composite?
True
Is 3257539 a composite number?
True
Is 2157121 a prime number?
True
Is 6213407 composite?
False
Is 19291819 a composite number?
True
Is 12252991 composite?
True
Is 11700201 a composite number?
True
Is 8142527 composite?
False
Is 17142401 a prime number?
True
Is 1148249 a prime number?
True
Is 207716363 prime?
True
Is 150116563 composite?
True
Is 